{"id":2532,"date":"2022-11-21T20:43:41","date_gmt":"2022-11-21T20:43:41","guid":{"rendered":"https:\/\/paijathame.tulkaakaikki.net\/dir\/?page_id=2532"},"modified":"2022-12-13T18:44:18","modified_gmt":"2022-12-13T18:44:18","slug":"edustajamme-seurakuntaneuvostoissa-ja-yhteisessa-kirkkovaltuustossa-2023-2026","status":"publish","type":"page","link":"https:\/\/paijathame.tulkaakaikki.net\/dir\/edustajamme-seurakuntaneuvostoissa-ja-yhteisessa-kirkkovaltuustossa-2023-2026\/","title":{"rendered":"Edustajamme seurakuntaneuvostoissa ja yhteisess\u00e4 kirkkovaltuustossa 2023 \u2013 2026"},"content":{"rendered":"\n<div class=\"wp-block-columns is-layout-flex wp-container-core-columns-is-layout-9d6595d7 wp-block-columns-is-layout-flex\">\n<div class=\"wp-block-column is-layout-flow wp-block-column-is-layout-flow\">\n<p class=\"has-text-color has-medium-font-size\" style=\"color:#e10576\"><strong>Joutj\u00e4rven seurakunta<\/strong><\/p>\n\n\n\n<p><strong>Seurakuntaneuvosto:<\/strong><\/p>\n\n\n\n<p>Pauliina Palo<\/p>\n\n\n\n<p><strong>Kirkkovaltuusto:<\/strong><\/p>\n\n\n\n<p>Pauliina Palo<\/p>\n\n\n\n<p class=\"has-text-color has-medium-font-size\" style=\"color:#e10576\"><strong>Keski-Lahden seurakunta<\/strong><\/p>\n\n\n\n<p><strong>Seurakuntaneuvosto:<\/strong><\/p>\n\n\n\n<p>Tarja Koljonen<br>Katri Nivala<br>Hannu Kuokkanen<br>Mauno Nivala<br>Harri Lidsle<\/p>\n\n\n\n<p><strong>Kirkkovaltuusto:<\/strong><\/p>\n\n\n\n<p>Tarja Koljonen<br>Hannu Kuokkanen<br>Harri Lidsle<br>Katri Nivala<br>Mauno Nivala<br>Minna Saarelma-Paukkala<\/p>\n\n\n\n<p class=\"has-text-color has-medium-font-size\" style=\"color:#e10576\"><strong>Launeen seurakunta<\/strong><\/p>\n\n\n\n<p><strong>Seurakuntaneuvosto:<\/strong><\/p>\n\n\n\n<p>Kati Lamp\u00e9n<br>Alvar K\u00fclm\u00e4su<br>Sisko Kekkonen<br><\/p>\n\n\n\n<p><strong>Kirkkovaltuusto:<\/strong><\/p>\n\n\n\n<p>Kati Lamp\u00e9n<br>Alvar K\u00fclm\u00e4su<\/p>\n\n\n\n<p><br><\/p>\n<\/div>\n\n\n\n<div class=\"wp-block-column is-layout-flow wp-block-column-is-layout-flow\">\n<p class=\"has-text-color has-medium-font-size\" style=\"color:#e10576\"><strong>Nastolan seurakunta<\/strong><\/p>\n\n\n\n<p><strong>Seurakuntaneuvosto:<\/strong><\/p>\n\n\n\n<p>Kai Henttonen<br>Salla Natunen<br>Lauri Palo<br>Terhikki P\u00f6ys\u00e4<\/p>\n\n\n\n<p><strong>Kirkkovaltuusto:<\/strong><\/p>\n\n\n\n<p>Salla Natunen<\/p>\n\n\n\n<p class=\"has-text-align-left has-text-color has-medium-font-size\" style=\"color:#e10576\"><strong>Salpaussel\u00e4n seurakunta<\/strong><\/p>\n\n\n\n<p><strong>Seurakuntaneuvosto:<\/strong><\/p>\n\n\n\n<p>Antero Helanter\u00e4<br>Timo Hokka<br>Sirkku Pelkonen<br>Merja Savolainen<br>Minna Vallo<\/p>\n\n\n\n<p><strong>Kirkkovaltuusto:<\/strong><\/p>\n\n\n\n<p>Antero Helanter\u00e4<br>Sirkku Pelkonen<br>Minna Vallo<\/p>\n<\/div>\n<\/div>\n\n\n\n<figure class=\"wp-block-image size-large\"><img loading=\"lazy\" decoding=\"async\" width=\"1024\" height=\"316\" src=\"https:\/\/paijathame.tulkaakaikki.net\/dir\/wp-content\/uploads\/2022\/11\/vaalitulos22-1024x316.jpg\" alt=\"\" class=\"wp-image-2576\" srcset=\"https:\/\/paijathame.tulkaakaikki.net\/dir\/wp-content\/uploads\/2022\/11\/vaalitulos22-1024x316.jpg 1024w, https:\/\/paijathame.tulkaakaikki.net\/dir\/wp-content\/uploads\/2022\/11\/vaalitulos22-300x93.jpg 300w, https:\/\/paijathame.tulkaakaikki.net\/dir\/wp-content\/uploads\/2022\/11\/vaalitulos22-768x237.jpg 768w, https:\/\/paijathame.tulkaakaikki.net\/dir\/wp-content\/uploads\/2022\/11\/vaalitulos22-1536x474.jpg 1536w, https:\/\/paijathame.tulkaakaikki.net\/dir\/wp-content\/uploads\/2022\/11\/vaalitulos22-624x193.jpg 624w, https:\/\/paijathame.tulkaakaikki.net\/dir\/wp-content\/uploads\/2022\/11\/vaalitulos22.jpg 1606w\" sizes=\"auto, (max-width: 1024px) 100vw, 1024px\" \/><\/figure>\n\n\n\n<p><a href=\"https:\/\/paijathame.tulkaakaikki.net\/dir\/edustajamme-lahden-seurakuntien-luottamuselimissa\/\" target=\"_blank\" rel=\"noreferrer noopener\">Edellisen vaalikauden 2018 &#8211; 2022 edustajamme klikkaamalla t\u00e4st\u00e4<\/a><\/p>\n","protected":false},"excerpt":{"rendered":"<p>Joutj\u00e4rven seurakunta Seurakuntaneuvosto: Pauliina Palo Kirkkovaltuusto: Pauliina Palo Keski-Lahden seurakunta Seurakuntaneuvosto: Tarja KoljonenKatri NivalaHannu KuokkanenMauno NivalaHarri Lidsle Kirkkovaltuusto: Tarja KoljonenHannu KuokkanenHarri LidsleKatri NivalaMauno NivalaMinna Saarelma-Paukkala Launeen seurakunta Seurakuntaneuvosto: Kati Lamp\u00e9nAlvar K\u00fclm\u00e4suSisko Kekkonen Kirkkovaltuusto: Kati Lamp\u00e9nAlvar K\u00fclm\u00e4su Nastolan seurakunta Seurakuntaneuvosto: Kai HenttonenSalla NatunenLauri PaloTerhikki P\u00f6ys\u00e4 Kirkkovaltuusto: Salla Natunen Salpaussel\u00e4n seurakunta Seurakuntaneuvosto: Antero Helanter\u00e4Timo HokkaSirkku PelkonenMerja SavolainenMinna [&hellip;]<\/p>\n","protected":false},"author":1,"featured_media":0,"parent":0,"menu_order":0,"comment_status":"closed","ping_status":"closed","template":"","meta":{"pagelayer_contact_templates":[],"_pagelayer_content":"","footnotes":""},"class_list":["post-2532","page","type-page","status-publish","hentry"],"_links":{"self":[{"href":"https:\/\/paijathame.tulkaakaikki.net\/dir\/wp-json\/wp\/v2\/pages\/2532","targetHints":{"allow":["GET"]}}],"collection":[{"href":"https:\/\/paijathame.tulkaakaikki.net\/dir\/wp-json\/wp\/v2\/pages"}],"about":[{"href":"https:\/\/paijathame.tulkaakaikki.net\/dir\/wp-json\/wp\/v2\/types\/page"}],"author":[{"embeddable":true,"href":"https:\/\/paijathame.tulkaakaikki.net\/dir\/wp-json\/wp\/v2\/users\/1"}],"replies":[{"embeddable":true,"href":"https:\/\/paijathame.tulkaakaikki.net\/dir\/wp-json\/wp\/v2\/comments?post=2532"}],"version-history":[{"count":11,"href":"https:\/\/paijathame.tulkaakaikki.net\/dir\/wp-json\/wp\/v2\/pages\/2532\/revisions"}],"predecessor-version":[{"id":2584,"href":"https:\/\/paijathame.tulkaakaikki.net\/dir\/wp-json\/wp\/v2\/pages\/2532\/revisions\/2584"}],"wp:attachment":[{"href":"https:\/\/paijathame.tulkaakaikki.net\/dir\/wp-json\/wp\/v2\/media?parent=2532"}],"curies":[{"name":"wp","href":"https:\/\/api.w.org\/{rel}","templated":true}]}}