{"id":2958,"date":"2024-02-16T22:54:32","date_gmt":"2024-02-16T22:54:32","guid":{"rendered":"https:\/\/paijathame.tulkaakaikki.net\/dir\/?page_id=2958"},"modified":"2024-02-16T22:54:32","modified_gmt":"2024-02-16T22:54:32","slug":"avoimen-kirkon-papit-ryhman-edustajat","status":"publish","type":"page","link":"https:\/\/paijathame.tulkaakaikki.net\/dir\/avoimen-kirkon-papit-ryhman-edustajat\/","title":{"rendered":"Avoimen kirkon papit- ryhm\u00e4n edustajat"},"content":{"rendered":"\n<p>Avoimen kirkon papit- ryhm\u00e4 ei ole osa Tulkaa kaikki- liikett\u00e4, mutta ryhm\u00e4 edustaa samoja arvoja.<\/p>\n\n\n\n<p class=\"has-text-color has-medium-font-size\" style=\"color:#b3349b\"><strong>Kirkolliskokousedustajat 2024 &#8211; 2027<\/strong><\/p>\n\n\n\n<div class=\"wp-block-columns is-layout-flex wp-container-core-columns-is-layout-9d6595d7 wp-block-columns-is-layout-flex\">\n<div class=\"wp-block-column is-layout-flow wp-block-column-is-layout-flow\" style=\"flex-basis:50%\">\n<p class=\"has-text-align-center\"><strong>Anna Kinnunen<\/strong><\/p>\n\n\n<div class=\"wp-block-image\">\n<figure class=\"aligncenter size-thumbnail\"><img loading=\"lazy\" decoding=\"async\" width=\"150\" height=\"150\" src=\"https:\/\/paijathame.tulkaakaikki.net\/dir\/wp-content\/uploads\/2024\/02\/kinnunen_anna_hamina_krhra-150x150.jpg\" alt=\"\" class=\"wp-image-2959\" srcset=\"https:\/\/paijathame.tulkaakaikki.net\/dir\/wp-content\/uploads\/2024\/02\/kinnunen_anna_hamina_krhra-150x150.jpg 150w, https:\/\/paijathame.tulkaakaikki.net\/dir\/wp-content\/uploads\/2024\/02\/kinnunen_anna_hamina_krhra.jpg 300w\" sizes=\"auto, (max-width: 150px) 100vw, 150px\" \/><\/figure>\n<\/div>\n\n\n<p class=\"has-text-align-center\">Hamina<br>kirkkoherra<\/p>\n<\/div>\n\n\n\n<div class=\"wp-block-column is-layout-flow wp-block-column-is-layout-flow\" style=\"flex-basis:50%\">\n<p class=\"has-text-align-center\"><strong>Mirva Lehtinen<\/strong><\/p>\n\n\n<div class=\"wp-block-image\">\n<figure class=\"aligncenter size-thumbnail\"><img loading=\"lazy\" decoding=\"async\" width=\"150\" height=\"150\" src=\"https:\/\/paijathame.tulkaakaikki.net\/dir\/wp-content\/uploads\/2024\/02\/lehtinen_mirva_kuusankoski_kplnen-150x150.jpg\" alt=\"\" class=\"wp-image-2960\" srcset=\"https:\/\/paijathame.tulkaakaikki.net\/dir\/wp-content\/uploads\/2024\/02\/lehtinen_mirva_kuusankoski_kplnen-150x150.jpg 150w, https:\/\/paijathame.tulkaakaikki.net\/dir\/wp-content\/uploads\/2024\/02\/lehtinen_mirva_kuusankoski_kplnen.jpg 300w\" sizes=\"auto, (max-width: 150px) 100vw, 150px\" \/><\/figure>\n<\/div>\n\n\n<p class=\"has-text-align-center\">Imatra<br>sosionomi (YAMK), diakoni<\/p>\n<\/div>\n<\/div>\n\n\n\n<p class=\"has-text-color has-medium-font-size\" style=\"color:#b3349b\"><strong>Hiippakuntavaltuuston edustajat 2024 &#8211; 2027<\/strong><\/p>\n\n\n\n<div class=\"wp-block-columns is-layout-flex wp-container-core-columns-is-layout-9d6595d7 wp-block-columns-is-layout-flex\">\n<div class=\"wp-block-column is-layout-flow wp-block-column-is-layout-flow\">\n<p class=\"has-text-align-center\"><strong>Ruut Hanhikorpi<\/strong><\/p>\n\n\n<div class=\"wp-block-image\">\n<figure class=\"aligncenter size-thumbnail\"><img loading=\"lazy\" decoding=\"async\" width=\"150\" height=\"150\" src=\"https:\/\/paijathame.tulkaakaikki.net\/dir\/wp-content\/uploads\/2024\/02\/hanhikorpi_ruut_mikkeli_kpl-150x150.jpg\" alt=\"\" class=\"wp-image-2962\" srcset=\"https:\/\/paijathame.tulkaakaikki.net\/dir\/wp-content\/uploads\/2024\/02\/hanhikorpi_ruut_mikkeli_kpl-150x150.jpg 150w, https:\/\/paijathame.tulkaakaikki.net\/dir\/wp-content\/uploads\/2024\/02\/hanhikorpi_ruut_mikkeli_kpl.jpg 300w\" sizes=\"auto, (max-width: 150px) 100vw, 150px\" \/><\/figure>\n<\/div>\n\n\n<p class=\"has-text-align-center\">Mikkeli<br>kappalainen<\/p>\n<\/div>\n\n\n\n<div class=\"wp-block-column is-layout-flow wp-block-column-is-layout-flow\">\n<p class=\"has-text-align-center\"><strong>Laura Hienonen<\/strong><\/p>\n\n\n<div class=\"wp-block-image\">\n<figure class=\"aligncenter size-thumbnail\"><img loading=\"lazy\" decoding=\"async\" width=\"150\" height=\"150\" src=\"https:\/\/paijathame.tulkaakaikki.net\/dir\/wp-content\/uploads\/2024\/02\/hienonen_laura_lpranta_kpl-150x150.jpg\" alt=\"\" class=\"wp-image-2964\" srcset=\"https:\/\/paijathame.tulkaakaikki.net\/dir\/wp-content\/uploads\/2024\/02\/hienonen_laura_lpranta_kpl-150x150.jpg 150w, https:\/\/paijathame.tulkaakaikki.net\/dir\/wp-content\/uploads\/2024\/02\/hienonen_laura_lpranta_kpl.jpg 300w\" sizes=\"auto, (max-width: 150px) 100vw, 150px\" \/><\/figure>\n<\/div>\n\n\n<p class=\"has-text-align-center\">Lappeenranta<br>kappalainen<\/p>\n<\/div>\n\n\n\n<div class=\"wp-block-column is-layout-flow wp-block-column-is-layout-flow\">\n<p class=\"has-text-align-center\"><strong>Hanne Keijonen<\/strong><\/p>\n\n\n<div class=\"wp-block-image\">\n<figure class=\"aligncenter size-thumbnail\"><img loading=\"lazy\" decoding=\"async\" width=\"150\" height=\"150\" src=\"https:\/\/paijathame.tulkaakaikki.net\/dir\/wp-content\/uploads\/2024\/02\/keijonen_hanne_mikkeli_kpl-150x150.jpg\" alt=\"\" class=\"wp-image-2966\" srcset=\"https:\/\/paijathame.tulkaakaikki.net\/dir\/wp-content\/uploads\/2024\/02\/keijonen_hanne_mikkeli_kpl-150x150.jpg 150w, https:\/\/paijathame.tulkaakaikki.net\/dir\/wp-content\/uploads\/2024\/02\/keijonen_hanne_mikkeli_kpl.jpg 300w\" sizes=\"auto, (max-width: 150px) 100vw, 150px\" \/><\/figure>\n<\/div>\n\n\n<p class=\"has-text-align-center\">Mikkeli<br>kappalainen<\/p>\n<\/div>\n<\/div>\n\n\n\n<div class=\"wp-block-columns is-layout-flex wp-container-core-columns-is-layout-9d6595d7 wp-block-columns-is-layout-flex\">\n<div class=\"wp-block-column is-layout-flow wp-block-column-is-layout-flow\">\n<p class=\"has-text-align-center\"><strong>Anna Kinnunen<\/strong><\/p>\n\n\n<div class=\"wp-block-image\">\n<figure class=\"aligncenter size-thumbnail\"><img loading=\"lazy\" decoding=\"async\" width=\"150\" height=\"150\" src=\"https:\/\/paijathame.tulkaakaikki.net\/dir\/wp-content\/uploads\/2024\/02\/kinnunen_anna_hamina_krhra-150x150.jpg\" alt=\"\" class=\"wp-image-2959\" srcset=\"https:\/\/paijathame.tulkaakaikki.net\/dir\/wp-content\/uploads\/2024\/02\/kinnunen_anna_hamina_krhra-150x150.jpg 150w, https:\/\/paijathame.tulkaakaikki.net\/dir\/wp-content\/uploads\/2024\/02\/kinnunen_anna_hamina_krhra.jpg 300w\" sizes=\"auto, (max-width: 150px) 100vw, 150px\" \/><\/figure>\n<\/div>\n\n\n<p class=\"has-text-align-center\">Hamina<br>kirkkoherra<\/p>\n<\/div>\n\n\n\n<div class=\"wp-block-column is-layout-flow wp-block-column-is-layout-flow\">\n<p class=\"has-text-align-center\"><strong>Mirva Lehtinen<\/strong><\/p>\n\n\n<div class=\"wp-block-image\">\n<figure class=\"aligncenter size-thumbnail\"><img loading=\"lazy\" decoding=\"async\" width=\"150\" height=\"150\" src=\"https:\/\/paijathame.tulkaakaikki.net\/dir\/wp-content\/uploads\/2024\/02\/lehtinen_mirva_kuusankoski_kplnen-150x150.jpg\" alt=\"\" class=\"wp-image-2960\" srcset=\"https:\/\/paijathame.tulkaakaikki.net\/dir\/wp-content\/uploads\/2024\/02\/lehtinen_mirva_kuusankoski_kplnen-150x150.jpg 150w, https:\/\/paijathame.tulkaakaikki.net\/dir\/wp-content\/uploads\/2024\/02\/lehtinen_mirva_kuusankoski_kplnen.jpg 300w\" sizes=\"auto, (max-width: 150px) 100vw, 150px\" \/><\/figure>\n<\/div>\n\n\n<p class=\"has-text-align-center\">Imatra<br>sosionomi (YAMK), diakoni<\/p>\n<\/div>\n\n\n\n<div class=\"wp-block-column is-layout-flow wp-block-column-is-layout-flow\">\n<p class=\"has-text-align-center\"><\/p>\n\n\n\n<p class=\"has-text-align-center\"><\/p>\n<\/div>\n<\/div>\n\n\n\n<p>Edellisen kauden edustajat (2020 &#8211; 2023) <a href=\"https:\/\/paijathame.tulkaakaikki.net\/dir\/2020\/03\/07\/avoin-kirkko-mikkelin-hiippakunnan-papit-listalta-valitut-pappisedustajat\/\" target=\"_blank\" rel=\"noreferrer noopener\">Linkki t\u00e4ss\u00e4<\/a>.<\/p>\n","protected":false},"excerpt":{"rendered":"<p>Avoimen kirkon papit- ryhm\u00e4 ei ole osa Tulkaa kaikki- liikett\u00e4, mutta ryhm\u00e4 edustaa samoja arvoja. Kirkolliskokousedustajat 2024 &#8211; 2027 Anna Kinnunen Haminakirkkoherra Mirva Lehtinen Imatrasosionomi (YAMK), diakoni Hiippakuntavaltuuston edustajat 2024 &#8211; 2027 Ruut Hanhikorpi Mikkelikappalainen Laura Hienonen Lappeenrantakappalainen Hanne Keijonen Mikkelikappalainen Anna Kinnunen Haminakirkkoherra Mirva Lehtinen Imatrasosionomi (YAMK), diakoni Edellisen kauden edustajat (2020 &#8211; 2023) [&hellip;]<\/p>\n","protected":false},"author":1,"featured_media":0,"parent":0,"menu_order":0,"comment_status":"closed","ping_status":"closed","template":"","meta":{"pagelayer_contact_templates":[],"_pagelayer_content":"","footnotes":""},"class_list":["post-2958","page","type-page","status-publish","hentry"],"_links":{"self":[{"href":"https:\/\/paijathame.tulkaakaikki.net\/dir\/wp-json\/wp\/v2\/pages\/2958","targetHints":{"allow":["GET"]}}],"collection":[{"href":"https:\/\/paijathame.tulkaakaikki.net\/dir\/wp-json\/wp\/v2\/pages"}],"about":[{"href":"https:\/\/paijathame.tulkaakaikki.net\/dir\/wp-json\/wp\/v2\/types\/page"}],"author":[{"embeddable":true,"href":"https:\/\/paijathame.tulkaakaikki.net\/dir\/wp-json\/wp\/v2\/users\/1"}],"replies":[{"embeddable":true,"href":"https:\/\/paijathame.tulkaakaikki.net\/dir\/wp-json\/wp\/v2\/comments?post=2958"}],"version-history":[{"count":6,"href":"https:\/\/paijathame.tulkaakaikki.net\/dir\/wp-json\/wp\/v2\/pages\/2958\/revisions"}],"predecessor-version":[{"id":2969,"href":"https:\/\/paijathame.tulkaakaikki.net\/dir\/wp-json\/wp\/v2\/pages\/2958\/revisions\/2969"}],"wp:attachment":[{"href":"https:\/\/paijathame.tulkaakaikki.net\/dir\/wp-json\/wp\/v2\/media?parent=2958"}],"curies":[{"name":"wp","href":"https:\/\/api.w.org\/{rel}","templated":true}]}}

Avoimen kirkon papit- ryhmän edustajat

<p>Avoimen kirkon papit- ryhmä ei ole osa Tulkaa kaikki- liikettä, mutta ryhmä edustaa samoja arvoja.</p>



<p class="has-text-color has-medium-font-size" style="color:#b3349b"><strong>Kirkolliskokousedustajat 2024 &#8211; 2027</strong></p>



<div class="wp-block-columns is-layout-flex wp-container-core-columns-is-layout-9d6595d7 wp-block-columns-is-layout-flex">
<div class="wp-block-column is-layout-flow wp-block-column-is-layout-flow" style="flex-basis:50%">
<p class="has-text-align-center"><strong>Anna Kinnunen</strong></p>


<div class="wp-block-image">
<figure class="aligncenter size-thumbnail"><img loading="lazy" decoding="async" width="150" height="150" src="https://paijathame.tulkaakaikki.net/dir/wp-content/uploads/2024/02/kinnunen_anna_hamina_krhra-150x150.jpg" alt="" class="wp-image-2959" srcset="https://paijathame.tulkaakaikki.net/dir/wp-content/uploads/2024/02/kinnunen_anna_hamina_krhra-150x150.jpg 150w, https://paijathame.tulkaakaikki.net/dir/wp-content/uploads/2024/02/kinnunen_anna_hamina_krhra.jpg 300w" sizes="auto, (max-width: 150px) 100vw, 150px" /></figure>
</div>


<p class="has-text-align-center">Hamina<br>kirkkoherra</p>
</div>



<div class="wp-block-column is-layout-flow wp-block-column-is-layout-flow" style="flex-basis:50%">
<p class="has-text-align-center"><strong>Mirva Lehtinen</strong></p>


<div class="wp-block-image">
<figure class="aligncenter size-thumbnail"><img loading="lazy" decoding="async" width="150" height="150" src="https://paijathame.tulkaakaikki.net/dir/wp-content/uploads/2024/02/lehtinen_mirva_kuusankoski_kplnen-150x150.jpg" alt="" class="wp-image-2960" srcset="https://paijathame.tulkaakaikki.net/dir/wp-content/uploads/2024/02/lehtinen_mirva_kuusankoski_kplnen-150x150.jpg 150w, https://paijathame.tulkaakaikki.net/dir/wp-content/uploads/2024/02/lehtinen_mirva_kuusankoski_kplnen.jpg 300w" sizes="auto, (max-width: 150px) 100vw, 150px" /></figure>
</div>


<p class="has-text-align-center">Imatra<br>sosionomi (YAMK), diakoni</p>
</div>
</div>



<p class="has-text-color has-medium-font-size" style="color:#b3349b"><strong>Hiippakuntavaltuuston edustajat 2024 &#8211; 2027</strong></p>



<div class="wp-block-columns is-layout-flex wp-container-core-columns-is-layout-9d6595d7 wp-block-columns-is-layout-flex">
<div class="wp-block-column is-layout-flow wp-block-column-is-layout-flow">
<p class="has-text-align-center"><strong>Ruut Hanhikorpi</strong></p>


<div class="wp-block-image">
<figure class="aligncenter size-thumbnail"><img loading="lazy" decoding="async" width="150" height="150" src="https://paijathame.tulkaakaikki.net/dir/wp-content/uploads/2024/02/hanhikorpi_ruut_mikkeli_kpl-150x150.jpg" alt="" class="wp-image-2962" srcset="https://paijathame.tulkaakaikki.net/dir/wp-content/uploads/2024/02/hanhikorpi_ruut_mikkeli_kpl-150x150.jpg 150w, https://paijathame.tulkaakaikki.net/dir/wp-content/uploads/2024/02/hanhikorpi_ruut_mikkeli_kpl.jpg 300w" sizes="auto, (max-width: 150px) 100vw, 150px" /></figure>
</div>


<p class="has-text-align-center">Mikkeli<br>kappalainen</p>
</div>



<div class="wp-block-column is-layout-flow wp-block-column-is-layout-flow">
<p class="has-text-align-center"><strong>Laura Hienonen</strong></p>


<div class="wp-block-image">
<figure class="aligncenter size-thumbnail"><img loading="lazy" decoding="async" width="150" height="150" src="https://paijathame.tulkaakaikki.net/dir/wp-content/uploads/2024/02/hienonen_laura_lpranta_kpl-150x150.jpg" alt="" class="wp-image-2964" srcset="https://paijathame.tulkaakaikki.net/dir/wp-content/uploads/2024/02/hienonen_laura_lpranta_kpl-150x150.jpg 150w, https://paijathame.tulkaakaikki.net/dir/wp-content/uploads/2024/02/hienonen_laura_lpranta_kpl.jpg 300w" sizes="auto, (max-width: 150px) 100vw, 150px" /></figure>
</div>


<p class="has-text-align-center">Lappeenranta<br>kappalainen</p>
</div>



<div class="wp-block-column is-layout-flow wp-block-column-is-layout-flow">
<p class="has-text-align-center"><strong>Hanne Keijonen</strong></p>


<div class="wp-block-image">
<figure class="aligncenter size-thumbnail"><img loading="lazy" decoding="async" width="150" height="150" src="https://paijathame.tulkaakaikki.net/dir/wp-content/uploads/2024/02/keijonen_hanne_mikkeli_kpl-150x150.jpg" alt="" class="wp-image-2966" srcset="https://paijathame.tulkaakaikki.net/dir/wp-content/uploads/2024/02/keijonen_hanne_mikkeli_kpl-150x150.jpg 150w, https://paijathame.tulkaakaikki.net/dir/wp-content/uploads/2024/02/keijonen_hanne_mikkeli_kpl.jpg 300w" sizes="auto, (max-width: 150px) 100vw, 150px" /></figure>
</div>


<p class="has-text-align-center">Mikkeli<br>kappalainen</p>
</div>
</div>



<div class="wp-block-columns is-layout-flex wp-container-core-columns-is-layout-9d6595d7 wp-block-columns-is-layout-flex">
<div class="wp-block-column is-layout-flow wp-block-column-is-layout-flow">
<p class="has-text-align-center"><strong>Anna Kinnunen</strong></p>


<div class="wp-block-image">
<figure class="aligncenter size-thumbnail"><img loading="lazy" decoding="async" width="150" height="150" src="https://paijathame.tulkaakaikki.net/dir/wp-content/uploads/2024/02/kinnunen_anna_hamina_krhra-150x150.jpg" alt="" class="wp-image-2959" srcset="https://paijathame.tulkaakaikki.net/dir/wp-content/uploads/2024/02/kinnunen_anna_hamina_krhra-150x150.jpg 150w, https://paijathame.tulkaakaikki.net/dir/wp-content/uploads/2024/02/kinnunen_anna_hamina_krhra.jpg 300w" sizes="auto, (max-width: 150px) 100vw, 150px" /></figure>
</div>


<p class="has-text-align-center">Hamina<br>kirkkoherra</p>
</div>



<div class="wp-block-column is-layout-flow wp-block-column-is-layout-flow">
<p class="has-text-align-center"><strong>Mirva Lehtinen</strong></p>


<div class="wp-block-image">
<figure class="aligncenter size-thumbnail"><img loading="lazy" decoding="async" width="150" height="150" src="https://paijathame.tulkaakaikki.net/dir/wp-content/uploads/2024/02/lehtinen_mirva_kuusankoski_kplnen-150x150.jpg" alt="" class="wp-image-2960" srcset="https://paijathame.tulkaakaikki.net/dir/wp-content/uploads/2024/02/lehtinen_mirva_kuusankoski_kplnen-150x150.jpg 150w, https://paijathame.tulkaakaikki.net/dir/wp-content/uploads/2024/02/lehtinen_mirva_kuusankoski_kplnen.jpg 300w" sizes="auto, (max-width: 150px) 100vw, 150px" /></figure>
</div>


<p class="has-text-align-center">Imatra<br>sosionomi (YAMK), diakoni</p>
</div>



<div class="wp-block-column is-layout-flow wp-block-column-is-layout-flow">
<p class="has-text-align-center"></p>



<p class="has-text-align-center"></p>
</div>
</div>



<p>Edellisen kauden edustajat (2020 &#8211; 2023) <a href="https://paijathame.tulkaakaikki.net/dir/2020/03/07/avoin-kirkko-mikkelin-hiippakunnan-papit-listalta-valitut-pappisedustajat/" target="_blank" rel="noreferrer noopener">Linkki tässä</a>.</p>

<p>Avoimen kirkon papit- ryhmä ei ole osa Tulkaa kaikki- liikettä, mutta ryhmä edustaa samoja arvoja. Kirkolliskokousedustajat 2024 &#8211; 2027 Anna Kinnunen Haminakirkkoherra Mirva Lehtinen Imatrasosionomi (YAMK), diakoni Hiippakuntavaltuuston edustajat 2024 &#8211; 2027 Ruut Hanhikorpi Mikkelikappalainen Laura Hienonen Lappeenrantakappalainen Hanne Keijonen Mikkelikappalainen Anna Kinnunen Haminakirkkoherra Mirva Lehtinen Imatrasosionomi (YAMK), diakoni Edellisen kauden edustajat (2020 &#8211; 2023) [&hellip;]</p>
